et s = 5 + 30. Let o = -25 + s. What is the tens digit of o?
1
What is the tens digit of 162 - (-2 + 0 + 4)?
6
Suppose -4*k + 18 = -3*k. Suppose -3*d + 4*d + 5 = 5*s, 0 = -3*d + 4*s + k. What is the units digit of d?
0
Let f be (9/6)/((-9)/132). Let c = f - -74. What is the units digit of c?
2
What is the units digit of (-1 + 0)/(2/(-26))?
3
Suppose 0 = 4*x - g - 487, 4*g - 148 = -x - g. What is the tens digit of x?
2
Let v be (-4)/10 + 668/20. Let g = -28 - v. Let c = -40 - g. What is the units digit of c?
1
Suppose 0 = -4*l - 0*l + 28. Suppose -3*d = -l*d + 48. Suppose 3*h + d = 5*h. What is the units digit of h?
6
Let i(a) = 7*a - 2. What is the units digit of i(2)?
2
Suppose -w = 3*w - 16. Suppose -5*y + 3*v = -85, -3*y + w*y = v + 19. What is the units digit of y?
4
Let u = 26 + -8. Suppose 2*a = -2*q + u, -2*q = -a - 3*a + 12. What is the units digit of a?
5
Let l = -41 + 62. What is the units digit of l?
1
Let q(d) = d + 2. Let s be q(4). What is the tens digit of 92/s + (-4)/(-6)?
1
Suppose 5*p - 23 = -3*w - 0*w, w - 9 = -2*p. What is the units digit of p?
4
Let m(w) = 4*w**2 - 7*w + 1. Let y(b) = -11*b**2 + 21*b - 4. Let d(j) = -8*m(j) - 3*y(j). What is the units digit of d(7)?
4
What is the units digit of (-822)/(-15) + 1/5?
5
What is the units digit of 1*(25 - (3 - 3))?
5
Let g(a) be the first derivative of 17*a**3/3 - a + 1. What is the tens digit of g(-1)?
1
Suppose -3*m - 15 = -48. What is the tens digit of m?
1
Let r(y) be the third derivative of -y**4/12 - y**3/2 + y**2. Let f be (-26)/13 - (1 + 2). What is the units digit of r(f)?
7
What is the units digit of ((-8)/(-3))/(5/120)?
4
Let u be (0/(-1) + -3)*1. Let x be (3*-4)/u - 2. Suppose -4 = 5*h + 2*v - 28, -v - 15 = -x*h. What is the units digit of h?
6
Let k(c) = -9*c + 3. Let n be k(4). What is the tens digit of 2/(-11) + (-963)/n?
2
Let v be (-3 + 3/(-3))/(-2). Suppose -v*t - 3*t = -60. What is the units digit of t?
2
Suppose 0*t + 5*g + 650 = 5*t, 3*t - 400 = g. What is the hundreds digit of t?
1
Suppose 2*s = -3*j + 28, -2*s + 3*j = 15 - 67. Let t be ((-6)/5)/((-8)/s). Suppose -32 = -n - t*n. What is the units digit of n?
8
Let a = 15 - -8. Let r be ((-48)/(-30))/(2/5). Suppose 31 = 5*c + h - 5, r*c - a = 5*h. What is the units digit of c?
7
Let x = 9 + -6. Suppose -u + 3*z = z - 5, 0 = 2*u + 4*z - 26. What is the units digit of 4/x*(u + -3)?
8
Let z = 359 - 223. What is the tens digit of z?
3
Let n = 15 - 11. What is the units digit of n?
4
Suppose -2*f = 4*r - 8, -r + 5*f + 3 - 1 = 0. Let z be (-2 + 6)*(-29)/4. What is the tens digit of z/(-3) - r/(-6)?
1
Let p(t) = -t + 2. Let f(d) = 2*d - 3. Let h(o) = -2*f(o) - 3*p(o). Let q be 18/(-1)*(-3)/(-6). What is the units digit of h(q)?
9
Let o = -18 - -25. Let z = o + -4. Suppose -w + 3 = c - 4*w, -c + z = w. What is the units digit of c?
3
Let u be (-8)/(-2) + -2*1. Suppose -1 = -a - u. Let t(c) = -6*c - 1. What is the units digit of t(a)?
5
Suppose 0 = 3*a - 9 - 0. Suppose s - a = 5. What is the units digit of s?
8
Let q = 2 - 1. Let u(z) = -z + 8*z**2 + 1 - 7*z**2 + 0*z. What is the units digit of u(q)?
1
Suppose -15 = -3*t, -3*i - 13 = -2*t + 6. What is the units digit of 1 + 33*(-4)/i?
5
Let l(c) = -2*c**2 + 3. Let v(h) = -h**2 + 2. Let b be -2 - -5 - 0/2. Let m(y) = b*v(y) - 2*l(y). What is the units digit of m(1)?
1
Let d = -6 - -13. Suppose -2*k = -d*k + 25. What is the units digit of k?
5
Let c be 4280/24 - 2/6. Suppose 3*n - c + 34 = -4*t, t - 4*n - 55 = 0. What is the tens digit of t?
3
Suppose 0 = 5*a + 6*a - 1793. What is the units digit of a?
3
Let g(x) be the third derivative of 5*x**4/24 + x**3/6 + 7*x**2. Suppose -z = -0*n + 4*n - 6, -3*n + z + 8 = 0. What is the units digit of g(n)?
1
Suppose 5*a - a - 4*i + 24 = 0, -4*i = 4*a - 8. Let d be (a - (0 - 1))*-1. Suppose 4*v = -d + 5. What is the units digit of v?
1
Let w(f) = -f**3 + 9*f**2 + 4*f - 8. Let k(g) = 2*g**3 - 19*g**2 - 7*g + 15. Let o(j) = -2*k(j) - 5*w(j). What is the tens digit of o(8)?
2
Let d(j) = j**2 - 9*j - 6. Let i be d(10). Suppose -f = i*f. What is the units digit of -3*(-5 + 0) + f?
5
Let c(s) be the first derivative of 3*s**2/2 - s + 4. What is the units digit of c(2)?
5
Let w = -6 + -13. Let p = -32 - w. Let y = p + 19. What is the units digit of y?
6
Let t(l) = l**3 + 1. Let b be t(1). Let i(q) = q**2 - 6*q - 9. Let x be i(8). Suppose -b*s = -3*s + x. What is the units digit of s?
7
What is the tens digit of (-1749)/(-27) + 6/27?
6
Let u(n) = -n - 2. Let q be u(4). Let j(r) = -r**3 - 5*r**2 + 4*r - 7. What is the units digit of j(q)?
5
Let v(j) = 2 + j + 3 - 7. Let n be v(-2). Let l = n + 9. What is the units digit of l?
5
Suppose 5 = -q - 5. Let a = -5 - q. What is the units digit of a?
5
Suppose a - 28 = 5*h, a - 3*h + 8 - 46 = 0. What is the tens digit of a?
5
What is the units digit of (-4550)/(-143) + 2/11?
2
Suppose -4*u - 8 = 8. Let x = u - -2. What is the units digit of (-3)/(-6) + (-11)/x?
6
Let u(l) = -l**2 + 7*l - 1. Let v be u(8). Let b = v + 18. What is the units digit of b?
9
Let s be 2/9 + (-7)/(-9). Let x(a) = 3*a**3 - 2*a + 1. What is the units digit of x(s)?
2
Let j(r) be the third derivative of -r**4/24 - r**3/3 + r**2. Let n be j(-4). What is the units digit of ((-4)/(-8))/(n/4)?
1
What is the units digit of 27/1*4/32*8?
7
Let u(n) = -11*n**2 + n - 1. Let t be u(2). Let p = -28 - t. What is the units digit of p?
5
Suppose -4*z - 2*d + 46 = -318, -3*d = -4*z + 354. Suppose 0 = 7*u - 2*u - z. Suppose 0*c + 3*c = u. What is the units digit of c?
6
Suppose -312 = -3*z - 5*s - 19, z = -3*s + 91. What is the tens digit of z?
0
Suppose -4*b + 4*k = -32, 0 = b - k + 2*k - 10. What is the units digit of (3/b)/(1/3)?
1
Let k(a) = 4*a + 4. Let g be k(6). Suppose -g + 6 = -d. What is the tens digit of d?
2
Let c(h) be the first derivative of -6*h**2 - 4. Let n = -4 + 3. What is the units digit of c(n)?
2
Let l(o) = -o - 5. Let p be l(-8). Suppose 2*k + p*k - 20 = 3*y, -5*k = 3*y + 10. What is the units digit of k?
1
Let q(i) = i**2 - 14*i + 1. Let u(y) = -y**2 + 13*y - 2. Let z(o) = 5*q(o) + 6*u(o). What is the units digit of z(5)?
8
Let c = 101 + -65. Let i = 59 - c. What is the units digit of i?
3
Let d(z) be the second derivative of -z**5/10 - z**4/6 - z**3/3 - 3*z**2/2 + z. Let b be d(-2). Suppose 5*v - b = 1. What is the units digit of v?
2
Suppose -6*w + 215 = -193. What is the tens digit of w?
6
Let t(q) = 7*q + 5. What is the tens digit of t(3)?
2
Let p = -43 - -66. What is the tens digit of p?
2
Let m(d) be the third derivative of d**4/12 - 5*d**3/6 - d**2. Let b be m(5). Suppose 0*c - 35 = -5*f + c, -5*f = -b*c - 15. What is the units digit of f?
8
Let i(w) = w**3 + 9*w**2 + 1. What is the tens digit of i(-5)?
0
Let n be 1/((-1)/3 - 0). Let m be (11/n)/(3/9). Let s = m - -16. What is the units digit of s?
5
What is the hundreds digit of 6*(-2)/8*-2*37?
1
Suppose -5*i - 92 - 38 = 0. Let s = i - -52. What is the tens digit of s?
2
Suppose -2*z + 8 = 4*g - 2*g, g = 4*z - 6. Suppose 5*r - 5*c - 80 = 0, -r = g*r + 2*c - 43. What is the tens digit of r?
1
Let u(i) = i**2 + 8*i + 7. Let q be u(-7). Suppose q*b = -3*b + 51. Suppose -4*g + 61 = 5*z, 11 = 2*g + 2*z - b. What is the units digit of g?
9
Let y(d) = -d + 8. Let a be y(4). Suppose x + 3*p - 28 = 0, -x - 2*p + 21 = -a. What is the units digit of x?
9
Suppose -4*k - 5*v + 24 = 0, -3*k - 2*v + 21 = v. What is the units digit of k?
1
Let t(v) = 2*v + 1. Let i(f) = f**2 + f. Let p(z) = 4*i(z) - t(z). What is the units digit of p(2)?
9
Suppose -2*v + 3*v = 0. Let y = 7 + v. What is the units digit of y?
7
What is the tens digit of -159*-3*1/3?
5
Let h = 1 + 5. Let w = 7 - h. What is the units digit of w?
1
Suppose -6 = -3*k - 0*k. Suppose 0 = -k*y - 5*a + 45 + 69, 256 = 5*y - 2*a. What is the units digit of y?
2
Let b(h) = -9*h - 76. What is the tens digit of b(-16)?
6
Let m(u) be the second derivative of u**3/6 - 2*u. Let x(w) = -6*w + 3. Let y(n) = 5*m(n) + x(n). What is the units digit of y(-3)?
6
Let t(f) = -2*f**3 - 2*f**2 - 2*f - 1. Let b(d) = d**3 + 8*d**2 - 10*d - 11. Let u be b(-9). What is the tens digit of t(u)?
1
Let c(d) = -d**2 - 8*d - 2. Let k be 2/(-5) + (-4)/(-10). Let s be (k + (-7)/(-2))*-2. What is the units digit of c(s)?
5
Let z(k) = k**3 - 7